inder when ((-16)/5)/(8/(-20)) is divided by j(0)?
2
Let v(z) be the first derivative of 5*z**2/2 - 35*z - 2. What is the remainder when v(16) is divided by 12?
9
Let b(g) = 5*g**2 + 9*g - 106. Calculate the remainder when b(-12) is divided by 13.
12
Let j = 305 - 130. Let k = j - 102. Calculate the remainder when k is divided by 19.
16
Suppose 3*y = -5*f + 164, y - 2*f = -0*y + 51. What is the remainder when y is divided by 18?
17
Suppose 5*d + 785 = 4*s, -3*s = 2*d - 7*d - 590. Calculate the remainder when s is divided by 11.
8
Let j = 7 + -5. Let o(z) = -2*z**3 + 5*z + 1. Let q(u) = -u - 2. Let t be q(0). Calculate the remainder when o(t) is divided by j.
1
Let b = -14 + 87. Suppose -d - 3*p = -b, 0*p = -p. Calculate the remainder when d is divided by 15.
13
Suppose 5*o + 4*r - 68 = -0*r, 0 = 2*o - r - 35. What is the remainder when 63 is divided by o?
15
Suppose -241 = 4*f - 73. Let n = -13 - f. What is the remainder when 112 is divided by n?
25
Let u be (-2)/(-2) - 39*-1. Suppose -4*n - r + 89 = 0, -5*n + 2*r + 62 + 46 = 0. Let a = u - n. What is the remainder when a is divided by 10?
8
Let a(k) = -k**3 - k**2 - k - 6. Let v be a(0). Let n(c) = 2*c**2 + 9*c + 3. What is the remainder when -78*(-2 + (-3)/(-2)) is divided by n(v)?
18
What is the remainder when 196 is divided by (-12)/(-8) - (-3 - (-202)/(-4))?
31
Suppose -312 = -11*c + 3*c. What is the remainder when 194 is divided by c?
38
Let u(n) = n**2 - 26*n + 9. What is the remainder when 363 is divided by u(0)?
3
Let r(o) = o**3 - 49*o**2 - 47*o + 208. What is the remainder when r(50) is divided by 85?
18
Suppose 0 = -w - 4*w + 10. Suppose w*u - 12 = 8. Suppose u*i - 4*i = 108. What is the remainder when 51 is divided by i?
15
What is the remainder when (1 + (-94)/6)/((-77)/462) is divided by 30?
28
Let m(p) = -p + 73. Let q(n) = -228*n - 2959. What is the remainder when m(0) is divided by q(-13)?
3
Let g be -3*1/4*(-256)/96. Suppose -5*w - 6 = -g*k, -5*k + 3 = -4*k + 4*w. What is the remainder when 18 is divided by k?
0
Suppose 38*h - 34*h - 732 = 0. What is the remainder when h is divided by 6?
3
Suppose -5*m = -7*m. Suppose -9*w + 105 + 165 = m. What is the remainder when 88 is divided by w?
28
Suppose -2*u - 3*m + 583 = 0, -u - 5*m + 227 = -61. What is the remainder when u is divided by 11?
7
What is the remainder when 762 is divided by ((-162)/(-135) - 29/20)*-60?
12
Suppose 5*y = -7 + 82. Let f = -56 + y. Let h = 102 + f. Calculate the remainder when h is divided by 31.
30
Suppose -c + 4 = 0, 4*c = -4*g + c + 228. Calculate the remainder when (g/24)/((-1)/(-24)) is divided by 11.
10
Let c(d) = 5*d - 26. Let f be c(6). Suppose x + 2 = 2*h - 3, -f*h = -3*x - 5. Calculate the remainder when 12 is divided by x.
2
Let x = -59 + 61. Suppose 4*h = -s + 4, -x*s + 2*h = -0*s - 18. What is the remainder when 45 is divided by s?
5
Let r(j) = -10*j**3 + j - 2. Let t be r(1). Let o = t - -50. What is the remainder when o is divided by 0 + (14 - 0/1)?
11
Let d(r) = -r**3 + 9*r**2 + r - 6. Let f = -19 - -40. Suppose -k = -4*b + 4 + 13, 2*b - 3*k - f = 0. What is the remainder when b is divided by d(9)?
0
Calculate the remainder when (4/6)/((-4)/(-678)) is divided by 12/(-9)*912/(-32).
37
Suppose -209*h = -212*h + 147. Calculate the remainder when h is divided by 18.
13
Let u = 28 - 35. Let p = 11 - u. What is the remainder when 51 is divided by p?
15
Suppose 7*s = 22 - 8. Suppose s*n = 32 + 20. What is the remainder when n is divided by 14?
12
Calculate the remainder when 121 is divided by (-4)/(-14) - 173/(-7).
21
Calculate the remainder when 57 is divided by 24/14*(-196)/(-21).
9
Let a(l) = l**3 - l**2 - l + 34. Let w = 22 - 17. Suppose -20 = -4*q, 7 = 3*u - 5*u + w*q. What is the remainder when a(0) is divided by u?
7
Suppose 1600 = 82*a + 19*a - 21*a. Suppose 2*z - 4*s - 206 = 0, -88 = -z - 0*s - 3*s. What is the remainder when z is divided by a?
17
Let m = 215 - 205. What is the remainder when 18 is divided by m?
8
Let m(f) = f**2 - 9*f + 18. Calculate the remainder when 156 is divided by m(10).
16
Suppose 2*x - 3*x + 23 = 5*c, -67 = -5*x - c. Suppose 267 = 4*d - d. Calculate the remainder when d is divided by x.
11
Suppose 3*p - q - 47 = 0, -5*p = 8*q - 6*q - 71. Calculate the remainder when 103 is divided by p.
13
Suppose 9*p - 101 = 8*p. Let f = p - 36. What is the remainder when f is divided by 18?
11
Suppose -5*t - 2 = -17. Calculate the remainder when 69 is divided by t - 0 - (-19 - -8).
13
Let c(q) = 15*q**2 - 6*q + 8. Let y be c(3). Suppose -4*m + 3*f + 14 + 59 = 0, -3*f = 5*m - y. Calculate the remainder when 72 is divided by m.
6
Let i = 181 - 167. Suppose 5*v + l + 1 = -76, 0 = 4*v - 4*l + 52. Calculate the remainder when (v/(-6))/((-2)/(-20)) is divided by i.
11
Let l(v) = -v**2 + 19*v + 23. Let k be l(21). Let s = k + 133. What is the remainder when s is divided by 29?
27
Suppose -3*x = x + 12, 5*l + 2*x + 106 = 0. Let g = 15 - l. Calculate the remainder when g is divided by (9/(-2))/((-3)/6).
8
Let o = -125 - -183. Let f(d) = -d**3 + 4*d**2 + 5*d + 3. Let k be f(5). Calculate the remainder when o is divided by -15*((-7)/k - -1).
18
Let w(h) = 0 + 5 + h + 7 - 1. What is the remainder when 7 is divided by w(-7)?
3
Suppose 6 = 2*v, 4*f - 30*v = -28*v + 342. Calculate the remainder when f is divided by 22.
21
Let y(l) = 6*l + 4. Calculate the remainder when y(32) is divided by 20.
16
Suppose 0 = 5*z + 2*b - 781, 15*z - b - 473 = 12*z. What is the remainder when z is divided by 36?
13
Let d be 2/(2/2049) - 1. What is the remainder when (0 - 3)/((-48)/d) is divided by 33?
29
Let m = 37 - 43. Let t be (m - -6) + 4 + -1. Calculate the remainder when -1*9/t + 82 is divided by 20.
19
Suppose -3*m + 5*x + 255 = 0, -86 = -m + 4*x - 2*x. Calculate the remainder when m is divided by 12.
8
Let r(b) = 4*b + 1. Let f be r(-2). Let i = -17 - f. Calculate the remainder when 50 is divided by (-4)/i - (-83)/5.
16
Suppose -1 = -3*r + 8. Let h be 5*-2*23/5. Let m = -36 - h. What is the remainder when m is divided by r?
1
Let k be -3*2/8*4. Let g be k - -8 - 2/2. Suppose g*s - 300 = -s. What is the remainder when s is divided by 16?
12
Suppose 6*l - 3*l = 63. Let r = l + 137. What is the remainder when r is divided by 40?
38
Let v(g) = 2*g**2 + 13*g - 8. Let n be v(-10). Suppose 5*j = n + 58. Calculate the remainder when j is divided by 14.
10
Let u(r) = -9*r + 11. Let g(w) = w**2 - 8*w + 8. Let z = -14 - -23. Calculate the remainder when u(-6) is divided by g(z).
14
What is the remainder when (-14 - -13)*((-6)/(-3) - 119) is divided by 23?
2
Let j(b) = 2*b - 3. Suppose -15*a = -24 - 6. Suppose 2*z = -2*p + 26, a*p - 5*z + 15 - 69 = 0. Calculate the remainder when p is divided by j(5).
3
Suppose 24 = -3*n + 63. Let t = 243 + -148. Let f = -73 + t. Calculate the remainder when f is divided by n.
9
Let x = -1272 - -1289. Calculate the remainder when x is divided by 2.
1
Let g(n) = -n**2 + 43*n - 295. What is the remainder when g(24) is divided by 28?
21
Let o(i) = -3*i + 33. What is the remainder when 22 is divided by o(6)?
7
Let p(o) = -39*o + 293. Calculate the remainder when 154 is divided by p(7).
14
Suppose -25*s - 10 = -27*s. What is the remainder when 46/(-6)*-6*(-3)/(-6) is divided by s?
3
Let f(p) = p**3 - 14*p**2 + 30*p + 41. Calculate the remainder when f(12) is divided by 61.
52
Let d(p) = 19 - 14 + 22*p - 14. What is the remainder when d(7) is divided by 37?
34
Suppose 5*n = 5*g - 1810, -g - 144 = -5*n - 486. What is the remainder when g is divided by 10?
7
Calculate the remainder when (-13172)/(-54) + 90/1215 is divided by 13.
10
Let q = -2 - 2. Let z(g) = g. Let y(x) = 1. Let d(h) = -6*y(h) - 3*z(h). What is the remainder when 10 is divided by d(q)?
4
Suppose 5*g - 3153 = -4*t, g - 15*t + 11*t - 645 = 0. What is the remainder when g is divided by 12?
9
Let h = -50 + 64. Suppose 3*u = 86 - h. Calculate the remainder when u is divided by 15.
9
Let x = -54 + 80. Suppose -3*g - 7 = -p - 2, 4*g = -3*p - 11. Calculate the remainder when 3*(g - (-112)/6) is divided by x.
24
Let z be (1 + 6*(-3)/(-6))*14. Let n = z + -43. Let s(f) = -26*f**3 + f. Calculate the remainder when s(-1) is divided by n.
12
Calculate the remainder when 271 is divided by ((-12)/(-7))/(5/140).
31
Suppose -3*n - 6